{"id":275,"date":"2018-11-05T15:07:47","date_gmt":"2018-11-05T15:07:47","guid":{"rendered":"https:\/\/dich-mit-stich.de\/magazin\/?page_id=275"},"modified":"2025-09-25T21:31:54","modified_gmt":"2025-09-25T21:31:54","slug":"sleeve-tattoo","status":"publish","type":"page","link":"https:\/\/dich-mit-stich.de\/magazin\/sleeve-tattoo\/","title":{"rendered":"Das Sleeve Tattoo"},"content":{"rendered":"<p>Es gibt die unterschiedlichsten Tattoo Arten. Je nachdem an welcher K\u00f6rperregion das Tattoo gestochen wird, gibt es auch unterschiedliche Namen f\u00fcr die Tattoos.<!--more--><br \/>\nSo beispielsweise das Sleeve Tattoo. Was dies genau ist und was es zu bedeuten hat, wird im Folgenden erl\u00e4utert.<\/p>\n<h3>\u00dcbersetzung<\/h3>\n<p>Genau \u00fcbersetzt bedeutet \u201eSleeve Tattoo&#8220; \u00c4rmeltattoo vom englischen sleeve = \u00c4rmel, H\u00fclle.<br \/>\nT\u00e4towiert werden diese Arten sowohl an Armen als auch an den Beinen. Somit soll das Tattoo an der betreffenden K\u00f6rperstelle aussehen wie eine H\u00fclle. Charakteristisch bezeichnet hier das Name nicht die Art des K\u00f6rperschmucks sondern die Gr\u00f6\u00dfe.<\/p>\n<p>Ein Sleeve Tattoo ziert also nicht nur beispielsweise die Au\u00dfenseite des Oberarms, sondern wird komplett rundherum gestochen. Hierbei gibt es dann noch verschiedene M\u00f6glichkeiten.<\/p>\n<h3>Arten<\/h3>\n<p>Beim Sleeve Tattoo unterscheidet man verschiedene Arten:<\/p>\n<ul>\n<li>Viertel-Sleeve<\/li>\n<li>Half-Sleeve<\/li>\n<li>3\/4 &#8211; Sleeve<\/li>\n<li>Full- Sleeve<\/li>\n<\/ul>\n<p>Das Viertel-Sleeve Tattoo bedeckt einen Viertel des Armes. Meistens findet man diese Art Tattoo von der Schulter bis zum Bizeps, alternativ auch vom Unterarm zum Handgelenk.<br \/>\nBeim Half-Sleeve Tattoo wird der halbe Arm mit der Kunst geschm\u00fcckt. Die Auswahl besteht hier zwischen dem Bereich Schulter bis Ellenbogen oder alternativ vom Unterarm bis zum Handgelenk.<br \/>\nDas 3\/4 Sleeve Tattoo bedeckt wieder der Name schon ableitet dreiviertel des gesamten Armes.<br \/>\nDas Full-Sleeve bedeckt somit den gesamten Arm, vom Handgelenk bis zur Schulter.<\/p>\n<p>Wird das Bein in dem Stil t\u00e4towiert, sind die Ausf\u00fchrungen und Bezeichnungen ebenso wie beim Arm. Somit verl\u00e4uft das Full-Sleeve Tattoo am Bein vom K\u00f6chel bis zur H\u00fcfte.<\/p>\n<h3>Das Stechen<\/h3>\n<p>Ein Sleeve Tattoo ist in jeder Variante eine relativ zeitaufwendige Angelegenheit. Solch ein Tattoo wird in den meisten F\u00e4llen in mehreren Sitzungen gestochen. Diese Zeit sollte man sich auch nehmen. Zum einen ist es entspannter f\u00fcr beide Seiten. Zum anderen wird in einem Sleeve Tattoo oftmals eine Geschichte erz\u00e4hlt oder ein zusammengesetztes Bild erfasst, f\u00fcr welches eventuell zwischen den Sitzungen noch neue Ideen oder Verbesserungsvorschl\u00e4ge entstehen k\u00f6nnen.<\/p>\n<h3>Bedeutung<\/h3>\n<p>In einem Sleeve Tattoo werden meistens eigene Geschichten erz\u00e4hlt. Dies k\u00f6nnen beispielsweise wichtige Lebensereignisse sein, die zusammengefasst werden oder aber auch eigene Werte und Interessen.<br \/>\nSolch ein Tattoo sollte mit einem guten K\u00fcnstler (dies kann der T\u00e4towierer sein, denn die meisten T\u00e4towierer sind K\u00fcnstler!) entworfen werden. So m\u00fcssen nicht nur die Elemente zueinander passen, sondern auch die einzelnen Farben sowohl untereinander harmonieren als auch zu den dargestellten Ereignissen passen. Da es sich um ein sehr gro\u00dfen Tattoo handelt und bleibenden K\u00f6rperschmuck, sollte genaue Klarheit \u00fcber das Aussehen bestehen.<\/p>\n<h3>Hintergrund gro\u00dfer Tattoos im Allgemeinen<\/h3>\n<p>Solche gro\u00dfen und aufw\u00e4ndigen Tattoos sind bekannt aus den eisenzeitlichen Skyten, welches ein Reitervolk der russischen Steppe war. Die unterschiedlichsten Funktionen und Bedeutungen sind aus der Literatur bekannt, so zum Beispiel als Mitgliedszeichen von Vereinigungen, zur Kennzeichnung von Gefangenen oder aber auch als rituelles Symbol.<\/p>\n<h3>Die Einscheidung: Ja oder Nein zum Sleeve Tattoo<\/h3>\n<p>Die Entscheidung f\u00fcr ein Tattoo \u00fcberhaupt wird in der Regel nicht in einer Kurzschlusshandlung getroffen. Ebenso sollte die Entscheidung f\u00fcr ein so gro\u00dfes Tattoo wie das Sleeve Tattoo nicht zu voreilig getroffen werden. Wenn man sich nicht ganz sicher ist ob ein Sleeve Tattoo f\u00fcr einen geeignet ist oder es einem steht, gibt es heute die M\u00f6glichkeiten eines \u201eFake-Tattoos&#8220; zum Testen. Dies sind Armstulpen, die aus d\u00fcnnem strumpfhosenartigen Material bestehen und mit Tattoo Motiven bedruckt sind. So kann man austesten ob man sich mit einem Sleeve wohlf\u00fchlen w\u00fcrde.<\/p>\n<p>Kaum ein Tattoo erm\u00f6glicht es eine Geschichte oder verschiedene Lebensereignisse so detailliert zu erz\u00e4hlen wie ein Sleeve Tattoo. Auch ist es m\u00f6glich von Sitzung zu Sitzung weitere Ideen oder \u00c4nderungen f\u00fcr das Sleeve einzubringen. Der eigenen Kreativit\u00e4t sind daher keine Grenzen gesetzt.<\/p>\n<h3>Sleeve Tattoo Inspirationen<\/h3>\n<ul>\n<li style=\"list-style-type: none;\">\n<ul>\n<li><a href=\"https:\/\/dich-mit-stich.de\/magazin\/watercolor-sleeve-tattoo\/\">Watercolor Sleeve Tattoo<\/a><\/li>\n<li><a href=\"https:\/\/dich-mit-stich.de\/magazin\/sleeve-tattoo-japanese\/\">Japanese Sleeve Tattoo<\/a><\/li>\n<li><a href=\"https:\/\/dich-mit-stich.de\/magazin\/black-grey-sleeve-tattoo\/\">Black Grey Sleeve Tattoo<\/a><\/li>\n<li><a href=\"https:\/\/dich-mit-stich.de\/magazin\/neo-traditional-sleeve-tattoo\/\">Neo Traditional Sleeve Tattoo<\/a><\/li>\n<li><a href=\"https:\/\/dich-mit-stich.de\/magazin\/geometric-sleeve-tattoo\/\">Geometric Sleeve Tattoo<\/a><\/li>\n<li><a href=\"https:\/\/dich-mit-stich.de\/magazin\/tribal-maori-sleeve-tattoo\/\">Tribal Maori Sleeve Tattoo<\/a><\/li>\n<li><a href=\"https:\/\/dich-mit-stich.de\/magazin\/biomechanical-sleeve-tattoo\/\">Biomechanical Sleeve Tattoo<\/a><\/li>\n<li><a href=\"https:\/\/dich-mit-stich.de\/magazin\/portrait-realism-sleeve-tattoo\/\">Portrait Realism Sleeve Tattoo<\/a><\/li>\n<li><a href=\"https:\/\/dich-mit-stich.de\/magazin\/animal-sleeve-tattoo\/\">Animal Sleeve Tattoo<\/a><\/li>\n<li><a href=\"https:\/\/dich-mit-stich.de\/magazin\/floral-sleeve-tattoo\/\">Floral Sleeve Tattoo<\/a><\/li>\n<li><a href=\"https:\/\/dich-mit-stich.de\/magazin\/skull-fire-sleeve-tattoo\/\">Skull Fire Sleeve Tattoo<\/a><\/li>\n<li><a href=\"https:\/\/dich-mit-stich.de\/magazin\/mythology-sleeve-tattoo\/\">Mythology Sleeve Tattoo<\/a><\/li>\n<li><a href=\"https:\/\/dich-mit-stich.de\/magazin\/trash-polka-sleeve-tattoo\/\">Trash Polka Sleeve Tattoo<\/a><\/li>\n<li><a href=\"https:\/\/dich-mit-stich.de\/magazin\/religious-sleeve-tattoo\/\">Religious Sleeve Tattoo<\/a><\/li>\n<li><a href=\"https:\/\/dich-mit-stich.de\/magazin\/space-galaxy-sleeve-tattoo\/\">Space Galaxy Sleeve Tattoo<\/a><\/li>\n<\/ul>\n<\/li>\n<\/ul>\n","protected":false},"excerpt":{"rendered":"<p>Es gibt die unterschiedlichsten Tattoo Arten. Je nachdem an welcher K\u00f6rperregion das Tattoo gestochen wird, gibt es auch unterschiedliche Namen<\/p>\n","protected":false},"author":4,"featured_media":276,"parent":0,"menu_order":0,"comment_status":"closed","ping_status":"closed","template":"","meta":{"ngg_post_thumbnail":0,"footnotes":""},"class_list":["post-275","page","type-page","status-publish","has-post-thumbnail","hentry","comments-off"],"aioseo_notices":[],"_links":{"self":[{"href":"https:\/\/dich-mit-stich.de\/magazin\/wp-json\/wp\/v2\/pages\/275","targetHints":{"allow":["GET"]}}],"collection":[{"href":"https:\/\/dich-mit-stich.de\/magazin\/wp-json\/wp\/v2\/pages"}],"about":[{"href":"https:\/\/dich-mit-stich.de\/magazin\/wp-json\/wp\/v2\/types\/page"}],"author":[{"embeddable":true,"href":"https:\/\/dich-mit-stich.de\/magazin\/wp-json\/wp\/v2\/users\/4"}],"replies":[{"embeddable":true,"href":"https:\/\/dich-mit-stich.de\/magazin\/wp-json\/wp\/v2\/comments?post=275"}],"version-history":[{"count":2,"href":"https:\/\/dich-mit-stich.de\/magazin\/wp-json\/wp\/v2\/pages\/275\/revisions"}],"predecessor-version":[{"id":1447,"href":"https:\/\/dich-mit-stich.de\/magazin\/wp-json\/wp\/v2\/pages\/275\/revisions\/1447"}],"wp:featuredmedia":[{"embeddable":true,"href":"https:\/\/dich-mit-stich.de\/magazin\/wp-json\/wp\/v2\/media\/276"}],"wp:attachment":[{"href":"https:\/\/dich-mit-stich.de\/magazin\/wp-json\/wp\/v2\/media?parent=275"}],"curies":[{"name":"wp","href":"https:\/\/api.w.org\/{rel}","templated":true}]}}