{"id":324,"date":"2019-01-01T18:39:51","date_gmt":"2019-01-01T18:39:51","guid":{"rendered":"https:\/\/dich-mit-stich.de\/magazin\/?page_id=324"},"modified":"2025-09-03T13:16:13","modified_gmt":"2025-09-03T13:16:13","slug":"polynesian-tattoo","status":"publish","type":"page","link":"https:\/\/dich-mit-stich.de\/magazin\/polynesian-tattoo\/","title":{"rendered":"Das Polynesian Tattoo &#8211; Traditionelle K\u00f6rperkunst"},"content":{"rendered":"<p>Heute sind Tattoos Ausdruck der eigenen Pers\u00f6nlichkeit und Individualit\u00e4t. Doch T\u00e4towierungen sind keine moderne Erfindung; ihr Ursprung geht tausende von Jahren zur\u00fcck. Interessant ist, dass sich die Kunst des T\u00e4towierens bei vielen unterschiedlichen V\u00f6lkern auf dem gesamten Erdball unabh\u00e4ngig von einander entwickelt und verbreitet hat.<\/p>\n<p>Auch bei den V\u00f6lkern Polynesiens haben T\u00e4towierungen Tradition und reichen \u00fcber 2000 Jahre zur\u00fcck. Die <a href=\"https:\/\/dich-mit-stich.de\/magazin\/tattoo-motive\/\">komplexen Motiven<\/a> erfreuen sich heute immer gr\u00f6\u00dferer Beliebtheit und sind unter zahlreichen Tattooliebhabern verbreitet.<\/p>\n<h3>Herkunft<\/h3>\n<p>Die geografische Region Polynesien ist Teil Ozeaniens und umfasst \u00fcber 1000 Inseln und Inselgruppe zwischen den Hawaii-Inseln (USA) im Norden, der Osterinsel (Chile) im S\u00fcdosten und Neuseeland im S\u00fcdwesten. Dieses Gebiet wird auch als \u201cpolynesisches Dreieck\u201d bezeichnet. Die polynesische Kultur setzt sich daher aus den verschiedenen indigenen V\u00f6lkern dieser Region zusammen; dazu geh\u00f6ren Marquesaner, Samoaner, Niueaner, Tonganer, Cook-Insulaner, Hawaiianer, Tahitianer und <a href=\"https:\/\/dich-mit-stich.de\/magazin\/maori-tattoo\/\">Maori<\/a>. All diese V\u00f6lker verbinden gemeinsame kulturelle Werte und Denkweisen wie Sprache, Kultur und Religion.<\/p>\n<p>Kunst hatte im Leben der Polynesier eine enorme Wichtigkeit. Da ihnen keine Schrift bekannt war, hielten sie ihre Geschichte mit Malereien und Schnitzereien fest und gaben sie so weiter. Eine weitere wichtige Kunstform der Polynesier waren T\u00e4towierungen. Die Muster (in den meisten F\u00e4llen Spiralen oder muschel\u00e4hnliche Formen) wurde mit Hammer und Schlegel ins Fleisch gesto\u00dfen und anschlie\u00dfend mit frischem Ru\u00df eingerieben. Allerdings war diese Art des kreativen Schaffens Gro\u00dfteils nur M\u00e4nner vorbehalten. Weben war die einzige Form der Kunstaus\u00fcbung, der Frauen nachgehen durften.<\/p>\n<p>Auch das Wort \u201cTattoo\u201d hat seinen Ursprung in Polynesien. Die Marquesaner nannten ihre Hautverzierungen tatu und die Samoaner, Tonganer und Tahitianer tatau, was so viel wie \u201crichtig, fachm\u00e4nnisch\u201d bedeutet. Der englische Seefahrer und Entdecker James Cook brachte dieses Wort im 18. Jahrhundert nach Europa, wo es sich anschlie\u00dfend verbreitete.<\/p>\n<h3>Bedeutung<\/h3>\n<p>Bei den Polynesiern waren T\u00e4towierungen Ausdruck der eignen Identit\u00e4t und Pers\u00f6nlichkeit. In ihnen spiegelten sich der gesellschaftliche Rang einer Person wieder, aber auch die sexuelle Reife und Herkunft. In puncto Bedeutung spielte bei den Polynesiern nicht nur das Motiv an sich eine Rolle, sondern auch die K\u00f6rperstelle, die t\u00e4towiert wurde. So gibt es bei polynesischen Tattoos ein paar Elemente, die etwas anderes bedeuten k\u00f6nnen, je nachdem an welcher K\u00f6rperstelle sie sich befinden.<\/p>\n<p>Der Oberk\u00f6rper steht in diesem Zusammenhang f\u00fcr die spirituelle Welt und den Himmel und der Unterk\u00f6rper f\u00fcr irdische Welt. Tattoos auf der Hinterseite des K\u00f6rpers symbolisieren die Vergangenheit und auf der Vorderseite die Zukunft. Au\u00dferdem steht links f\u00fcr das Weibliche und rechts f\u00fcr das M\u00e4nnliche. Tattoos auf dem Kopf werden mit Spiritualit\u00e4t, Intuition, Wissen und Weisheit verbunden.<\/p>\n<p>Auf dem Oberk\u00f6rper stehen Tattoos f\u00fcr Gro\u00dfz\u00fcgigkeit, Aufrichtigkeit, Ehre und Vers\u00f6hnung; auf dem Unterk\u00f6rper f\u00fcr Lebensenergie, Tapferkeit, Unabh\u00e4ngigkeit und Sexualit\u00e4t. Auf dem Oberarm und den Schultern bedeuten Tattoos St\u00e4rke und Mut, auf dem Unterarm und den H\u00e4nden Kreativit\u00e4t und handwerkliches Schaffen.<\/p>\n<p>Genau wie die verschiedenen t\u00e4towierten K\u00f6rperstellen sind auch die Motive polynesischer Tattoos vielf\u00e4ltig. Das Enata-Symbol, zum Beispiel, kann f\u00fcr M\u00e4nner, Frauen und G\u00f6tter stehen und einzeln oder als wiederholendes Muster t\u00e4towiert sein. Haifischz\u00e4hne repr\u00e4sentieren Schutz, F\u00fchrung und St\u00e4rke, aber auch Wildheit. Speerspitzen werden mit Kriegern assoziiert und k\u00f6nnen, beispielsweise, Stiche von Tieren symbolisieren.<\/p>\n<p>Der Ozean spielt eine zentrale Rolle im Leben der Polynesier. Da die Menschen den Gro\u00dfteil ihrer Nahrung aus dem Meer beziehen, sehen sie es als ihre zweite Heimat und auch als letztes Ziel nach ihrem Tod. Deswegen stehen Meeres-Tattoos auch f\u00fcr den Tod und das Leben danach. Aus diesem Grund spielen auch die verschiedenen Meeresbewohner eine wichtige Rolle. In der polynesischen Religion begleiten Schildkr\u00f6ten die Verstorbenen auf ihrer letzten Reise; als Tattoo symbolisieren sie Gesundheit, Fruchtbarkeit und ein langes Leben.<\/p>\n<p>Ein weiterer Meeresbewohner, der Stachelrochen, steht f\u00fcr Schutz, Friedlichkeit, Schnelligkeit, aber auch Gefahr. Das Tiki-Symbol repr\u00e4sentiert menschen\u00e4hnliche Figuren, die Halbg\u00f6tter darstellen. Es kann aber auch f\u00fcr verstorbene Vorfahren, Priester und Anf\u00fchrer stehen, die nach ihrem Tod zu Halbg\u00f6ttern wurden. Eidechsen sind wichtige Figuren in der polynesischen Mythologie, die Gl\u00fcck bringen sollen und als Sprachrohr zwischen den Menschen und den G\u00f6ttern dienen, aber respektlosen Menschen auch den Tod bringen k\u00f6nnen.<\/p>\n<h3>Warum ein Polynesian Tattoo?<\/h3>\n<p>Polynesian Tattoos sind perfekt f\u00fcr Menschen, die die traditionelle Symbolik der polynesischen V\u00f6lker sch\u00e4tzen und sich mit dieser identifizieren k\u00f6nnen. Um das richtige Motiv f\u00fcr sich zu finden, sollte eine gr\u00fcndliche Recherche dem T\u00e4towieren vorausgehen. Ist das richtige Symbol einmal gefunden, wird es seinem Tr\u00e4ger ein Leben lang Freude bereiten und ihn mit der polynesischen Tradition verbinden.<\/p>\n<p>Polynesian Tattoos sind auch f\u00fcr jeden und jede K\u00f6rperstelle geeignet; <a href=\"https:\/\/dich-mit-stich.de\/magazin\/tattoos-fuer-maenner\/\">f\u00fcr einen Mann<\/a>, <a href=\"https:\/\/dich-mit-stich.de\/magazin\/frauen-tattoos\/\">f\u00fcr eine Frau<\/a>, auf dem Arm oder woanders \u2013 in der polynesischen K\u00f6rperkunst ist Vieles m\u00f6glich. Zahlreiche traditionelle Vorlagen bieten den Menschen auch heute noch die M\u00f6glichkeit sich \u00fcber ihre Tattoos auszudr\u00fccken und ihrer Individualit\u00e4t Ausdruck zu verleihen.<\/p>\n","protected":false},"excerpt":{"rendered":"<p>Heute sind Tattoos Ausdruck der eigenen Pers\u00f6nlichkeit und Individualit\u00e4t. Doch T\u00e4towierungen sind keine moderne Erfindung; ihr Ursprung geht tausende von<\/p>\n","protected":false},"author":4,"featured_media":328,"parent":0,"menu_order":0,"comment_status":"closed","ping_status":"closed","template":"","meta":{"ngg_post_thumbnail":0,"footnotes":""},"class_list":["post-324","page","type-page","status-publish","has-post-thumbnail","hentry","comments-off"],"aioseo_notices":[],"_links":{"self":[{"href":"https:\/\/dich-mit-stich.de\/magazin\/wp-json\/wp\/v2\/pages\/324","targetHints":{"allow":["GET"]}}],"collection":[{"href":"https:\/\/dich-mit-stich.de\/magazin\/wp-json\/wp\/v2\/pages"}],"about":[{"href":"https:\/\/dich-mit-stich.de\/magazin\/wp-json\/wp\/v2\/types\/page"}],"author":[{"embeddable":true,"href":"https:\/\/dich-mit-stich.de\/magazin\/wp-json\/wp\/v2\/users\/4"}],"replies":[{"embeddable":true,"href":"https:\/\/dich-mit-stich.de\/magazin\/wp-json\/wp\/v2\/comments?post=324"}],"version-history":[{"count":5,"href":"https:\/\/dich-mit-stich.de\/magazin\/wp-json\/wp\/v2\/pages\/324\/revisions"}],"predecessor-version":[{"id":1287,"href":"https:\/\/dich-mit-stich.de\/magazin\/wp-json\/wp\/v2\/pages\/324\/revisions\/1287"}],"wp:featuredmedia":[{"embeddable":true,"href":"https:\/\/dich-mit-stich.de\/magazin\/wp-json\/wp\/v2\/media\/328"}],"wp:attachment":[{"href":"https:\/\/dich-mit-stich.de\/magazin\/wp-json\/wp\/v2\/media?parent=324"}],"curies":[{"name":"wp","href":"https:\/\/api.w.org\/{rel}","templated":true}]}}