{"id":717,"date":"2020-02-04T17:24:20","date_gmt":"2020-02-04T17:24:20","guid":{"rendered":"https:\/\/dich-mit-stich.de\/magazin\/?page_id=717"},"modified":"2025-09-03T13:15:37","modified_gmt":"2025-09-03T13:15:37","slug":"blumen-tattoos","status":"publish","type":"page","link":"https:\/\/dich-mit-stich.de\/magazin\/blumen-tattoos\/","title":{"rendered":"Blumen Tattoos &#8211; was Blumen und Bl\u00fcten auf der Haut bedeuten"},"content":{"rendered":"<h2>Der eigene Body als Blumenbeet<\/h2>\n<p><strong>Floraler Tattoo-Trend \u2013 Bedeutung der Blumen auf der Haut<\/strong>: Blumen signalisieren Lebensfreude. Um sich nicht nur in Wald und Wiesen an ihnen zu erfreuen, zieren immer mehr h\u00fcbsche Blumen-Arrangements Nacken, Arme, Bauch, Beine und R\u00fccken zahlreicher Tattoo-Freunde. Blumen sind nicht nur zeitlos, sie sehen auch noch h\u00fcbsch aus und lassen sich in unendlich vielen Variationen t\u00e4towieren. Da jede einzelne Blume eine eigene Bedeutung hat, ist es sinnvoll diese zu kennen, da Tattoos ziemlich lange auf der Haut bleiben.<\/p>\n<h2>Bunte Blumen-Tattoos oder lieber Schwarz-Wei\u00df?<\/h2>\n<p>Ob ein buntes Blumenmotiv die Haut zieren soll, oder eher Schwarz-Wei\u00df bevorzugt wird, ist eine reine Geschmacksfrage. Besonders im Trend liegen auch die sanften Aquarell-Tattoos. Die Watercolor-Tattoos ben\u00f6tigen jedoch mehr Pflege, als die knallbunten, da sie schneller verblassen k\u00f6nnen. Ratsam ist es, die zarten Aquarelle von einem erfahrenen Tattoo-K\u00fcnstler stechen zu lassen. Das gilt im Prinzip f\u00fcr alle Tattoos. Letztendlich sehen jedoch Blumen in allen Farben h\u00fcbsch aus, egal ob knallbunt, Aquarell oder Schwarz-Wei\u00df. Oft kommt es auch auf die Bedeutung oder Erinnerung an, die der jeweilige Tattoo-Tr\u00e4ger mit der Blume auf seiner Haut verbindet.<\/p>\n<h2>Was sagen die Blumen auf meiner Haut?<\/h2>\n<p>Die Redewendung \u201eSag es durch die Blume\u201c kennt jeder. Gemeint ist damit, Kritik vorsichtig zu \u00e4u\u00dfern, was seinen Ursprung in der Blumensprache findet. So schenken sich Menschen seit jeher Blumen, um damit Botschaften zu \u00fcbermitteln. Auch Blumen-Tattoos k\u00f6nnen viel \u00fcber seine Tr\u00e4ger aussagen. Um dem floralen Tattoo mehr Tiefe zu verleihen, kann es sinnvoll sein, die Bedeutung der Motive zu kennen:<\/p>\n<h2>Die beliebtesten Blumen-Tattoos und ihre Bedeutung<\/h2>\n<ul>\n<li><strong>rote Rosen:<\/strong> Leidenschaft, Liebe und Mut<\/li>\n<li><strong>rosa Rosen<\/strong>: Jugend und Sch\u00f6nheit<\/li>\n<li><strong>Rosendornen<\/strong>: sie sollen Liebe und Sch\u00f6nheit besch\u00fctzen.<\/li>\n<li><strong>Lavendel<\/strong>: sanfte N\u00e4he und f\u00fcr Vertrauen<\/li>\n<li><strong>Hibiskus<\/strong>: Exotik, Zerbrechlichkeit, Eleganz, Charme und H\u00f6flichkeit<\/li>\n<li><strong>Lilie<\/strong>: Eleganz, Reinheit, Sch\u00f6nheit und Licht<\/li>\n<li><strong>Kirschbl\u00fcte<\/strong>: Hoffnung und Verg\u00e4nglichkeit, sowie Erneuerung und Frieden<\/li>\n<li><strong>Lotusbl\u00fcte<\/strong>: Sch\u00f6nheit, Spiritualit\u00e4t (im Hinduismus) Harmonie und Erfolg<\/li>\n<li><strong>Gerbera<\/strong>: Freude und Freundschaft<\/li>\n<li><strong>Orchidee<\/strong>: Cleverness, Einzigartigkeit und Jugend<\/li>\n<li><strong>Pusteblume<\/strong>: Freiheit, Verg\u00e4nglichkeit und Leichtigkeit<\/li>\n<li><strong>Sonnenblume<\/strong>: Freude und positive Lebenseinstellung<\/li>\n<li><strong>Chrysantheme<\/strong>: Ein langes Leben in Best\u00e4ndigkeit und Fr\u00f6hlichkeit<\/li>\n<li><strong>G\u00e4nsebl\u00fcmchen<\/strong>: Unschuld, Reinheit, Gelassenheit und Einfachheit<\/li>\n<li><strong>Lotusblume<\/strong>: Spirituelles Erwachen, Neuanfang, Transformation und Wiedergeburt<\/li>\n<\/ul>\n<p>Im Trend liegt auch die Blume des Lebens durch ihre starke Symbolkraft.<\/p>\n<h2>Die Lebensblume steht f\u00fcr Harmonie<\/h2>\n<p>Die <a href=\"https:\/\/dich-mit-stich.de\/magazin\/mandala-tattoo\/\">Lebensblume<\/a> soll den Zyklus der Sch\u00f6pfung nachbilden und besteht aus 19 miteinander verbundenen Kreis. Das durch seine Kreisstruktur harmonisch wirkende Ornament hat eine tiefe spirituelle Bedeutung. So findet man das Symbol der Lebensblume in Tempeln, Architekturen und in der Kunst nahezu aller Kulturen der Welt wieder.<\/p>\n<p>Weitere sch\u00f6ne Blumenmotive sind unter anderem Tulpen, Amaryllis, Nelken, Pfingstrosen, Ranukeln, Margeriten, Flieder, Veilchen, Stiefm\u00fctterchen, Mohn und Iris.<\/p>\n<p>Egal ob Rose, Veilchen, Flieder oder Amaryllis. Letztendlich ist es \u2013 unabh\u00e4ngig von der Bedeutung der Blume, reine Geschmacksache welches Motiv f\u00fcr das Tattoo gew\u00e4hlt wird.<\/p>\n<h2>Die richtige K\u00f6rperstelle f\u00fcr Blumen-Tattoos<\/h2>\n<p><img loading=\"lazy\" decoding=\"async\" class=\"alignright wp-image-720 size-medium\" src=\"https:\/\/dich-mit-stich.de\/magazin\/wp-content\/uploads\/2020\/02\/Blumen-Tattoo1-300x198.jpg\" alt=\"Blumen Tattoo\" width=\"300\" height=\"198\" srcset=\"https:\/\/dich-mit-stich.de\/magazin\/wp-content\/uploads\/2020\/02\/Blumen-Tattoo1-300x198.jpg 300w, https:\/\/dich-mit-stich.de\/magazin\/wp-content\/uploads\/2020\/02\/Blumen-Tattoo1-768x508.jpg 768w, https:\/\/dich-mit-stich.de\/magazin\/wp-content\/uploads\/2020\/02\/Blumen-Tattoo1.jpg 960w\" sizes=\"auto, (max-width: 300px) 100vw, 300px\" \/><\/p>\n<p>Wenn das gew\u00e4hlte Motiv zum Typ seines Tr\u00e4gers passt, wirkt das nat\u00fcrlich sehr harmonisch und ist besonders h\u00fcbsch anzusehen. Aber auch die geeignete K\u00f6rperstelle f\u00fcr das gew\u00e4hlte Tattoo ist nicht ganz unerheblich. So wirkt beispielsweise eine Blumenranke besonders gut, wenn sie senkrecht am Arm gestochen wird. Die Position ist nat\u00fcrlich eine ganz pers\u00f6nliche Entscheidung. Dennoch macht es Sinn, die Wunschstelle vorher mit dem T\u00e4towierer zu besprechen.<\/p>\n<h3>Wo wirken welche Blumen-Tattoos am Sch\u00f6nsten<\/h3>\n<p>Sowohl eine einzelne Blume, als auch eine Blumenranke wirken besonders sch\u00f6n am Unterarm. Edel und dazu zeitlos, sind Blumen-Tatoos in Schwarz-Wei\u00df, die hervorragend zu allen Outfits passen.<br \/>\nGro\u00dfer Trend sind derzeit Mini Blumen Tattoos. Die zarten Pfl\u00e4nzchen wirken besonders s\u00fc\u00df und sehen zudem sexy aus. Wer es darauf anlegt, mit seinen Tattoos aufzufallen, l\u00e4sst sich ein Meer aus Blumen oder einen gro\u00dfen Strau\u00df stechen. Das f\u00e4llt auf jeden Fall direkt ins Auge<\/p>\n<p>Zus\u00e4tzlichen Tiefgang erh\u00e4lt das florale Motiv, wenn es mit einem Symbol verbunden ist, wie beispielsweise einem Spruch oder einer Hand, die beispielsweise den Blumenstrau\u00df reicht.<\/p>\n<h3>Die beliebtesten K\u00f6rperstellen f\u00fcr Blumen-Tattoos<\/h3>\n<p>Wer \u00fcber ein Tattoo nachdenkt, sollte sich auch Gedanken \u00fcber die Position machen, an der das Tattoo gestochen werden soll. Die ist n\u00e4mlich fast ebenso wichtig, wie das Motiv selbst. Platz f\u00fcr kreative Ideen bietet der K\u00f6rper in reichlichem Ma\u00dfe. Doch nicht an jeder Stelle kommen Bl\u00fcten und Blumenranken gleich gut zur Geltung. Auf die Unterarme werden bevorzugt gro\u00dfe, bunte Blumenranken t\u00e4towiert, w\u00e4hrend ein zartes Aquarell-Tattoo oder die schwarz-wei\u00dfe Version vor allem im Nacken eine gute Wirkung erzielen. Ein buntes, gr\u00f6\u00dferes Arrangement kommt hingegen auf der Schulter besonders zur Geltung. Je nach Belieben k\u00f6nnen die Tattoos aber auch auf dem gesamten Bein, vom Kn\u00f6chel bis \u00fcber das Knie gestochen werden. Das gleiche gilt f\u00fcr Blumen-Tattoos am Arm. Beginnend vom Handgelenk k\u00f6nnen sie gern bis \u00fcber die Schulter und dar\u00fcber hinaus gestochen werden.<\/p>\n","protected":false},"excerpt":{"rendered":"<p>Der eigene Body als Blumenbeet Floraler Tattoo-Trend \u2013 Bedeutung der Blumen auf der Haut: Blumen signalisieren Lebensfreude. Um sich nicht<\/p>\n","protected":false},"author":4,"featured_media":747,"parent":0,"menu_order":0,"comment_status":"closed","ping_status":"closed","template":"","meta":{"ngg_post_thumbnail":0,"footnotes":""},"class_list":["post-717","page","type-page","status-publish","has-post-thumbnail","hentry","comments-off"],"aioseo_notices":[],"_links":{"self":[{"href":"https:\/\/dich-mit-stich.de\/magazin\/wp-json\/wp\/v2\/pages\/717","targetHints":{"allow":["GET"]}}],"collection":[{"href":"https:\/\/dich-mit-stich.de\/magazin\/wp-json\/wp\/v2\/pages"}],"about":[{"href":"https:\/\/dich-mit-stich.de\/magazin\/wp-json\/wp\/v2\/types\/page"}],"author":[{"embeddable":true,"href":"https:\/\/dich-mit-stich.de\/magazin\/wp-json\/wp\/v2\/users\/4"}],"replies":[{"embeddable":true,"href":"https:\/\/dich-mit-stich.de\/magazin\/wp-json\/wp\/v2\/comments?post=717"}],"version-history":[{"count":5,"href":"https:\/\/dich-mit-stich.de\/magazin\/wp-json\/wp\/v2\/pages\/717\/revisions"}],"predecessor-version":[{"id":735,"href":"https:\/\/dich-mit-stich.de\/magazin\/wp-json\/wp\/v2\/pages\/717\/revisions\/735"}],"wp:featuredmedia":[{"embeddable":true,"href":"https:\/\/dich-mit-stich.de\/magazin\/wp-json\/wp\/v2\/media\/747"}],"wp:attachment":[{"href":"https:\/\/dich-mit-stich.de\/magazin\/wp-json\/wp\/v2\/media?parent=717"}],"curies":[{"name":"wp","href":"https:\/\/api.w.org\/{rel}","templated":true}]}}