{"id":851,"date":"2020-04-23T06:37:18","date_gmt":"2020-04-23T06:37:18","guid":{"rendered":"https:\/\/dich-mit-stich.de\/magazin\/?page_id=851"},"modified":"2025-09-03T13:15:37","modified_gmt":"2025-09-03T13:15:37","slug":"austin-bar-piercing","status":"publish","type":"page","link":"https:\/\/dich-mit-stich.de\/magazin\/austin-bar-piercing\/","title":{"rendered":"Austin Bar Piercing &#8211; alle Informationen auf einen Blick"},"content":{"rendered":"<h2>Die Herkunft von dem Austin Bar Piercing<\/h2>\n<p>Das Austin Bar Piercing wurde nach seinem ersten Tr\u00e4ger benannt. Es ist ein Piercing, welches in der Nase gestochen wird. Genauer gesagt, wird es durch die Nasenspitze gestochen. Allerdings verl\u00e4uft es horizontal und tritt auf beiden Seiten der Nase hervor. Das Piercing soll schon vor ca. 400 Jahren im mittleren Osten getragen worden sein und sich bis in andere L\u00e4nder verbreitet haben, so auch Indien. Gerade in Indien wurde das Piercing als Symbol getragen. Dort stand es in Kriegszeiten f\u00fcr Tapferkeit und Mut. Heute jedoch gibt es weder einen kriegerischen, noch einen kulturellen Hintergrund. Es ist einfach ein seltenes Piercing, dass immer mehr Anh\u00e4nger findet.<\/p>\n<h3>\u00dcberblick<\/h3>\n<ul>\n<li><strong>Name:<\/strong>Austin Bar Piercing<\/li>\n<li><strong>Wo wird es gestochen:<\/strong> durch die Nasenspitze<\/li>\n<li><strong>Kosten Piercing:<\/strong> 30 &#8211; 80 EUR<\/li>\n<li><strong>Art:<\/strong> Nasenpiercing<\/li>\n<li><strong>Heilungsdauer:<\/strong> 2-3 Monate<\/li>\n<li><strong>Schmerzen beim Stechen:<\/strong> schwer <\/li>\n<\/ul>\n<h2>Motivation des Piercings<\/h2>\n<p>Die Motivation f\u00fcr dieses Piercing liegt auf der Hand. Es wird vor allem von Leuten genutzt, die ein besonderes Piercing wollen, mit dem sie auf jeden Fall auffallen. Ein Piercing, dass nicht \u00fcberall zu sehen ist.<\/p>\n<h2>So wird das Piercing gestochen<\/h2>\n<p>Das Austin Bar Piercing wird nicht durch die Nasenl\u00f6cher, sondern durch die Nasenspitze gestochen. In der Nasenspitze verlaufen einige Nerven, \u00e4hnlich wie bei <a href=\"https:\/\/dich-mit-stich.de\/magazin\/bridge-piercing\/\" title=\"Das Bridge Piercing \u2013 K\u00f6rperschmuck, bei dem Vorsicht geboten ist\">Bridge Piercing<\/a>, somit wird das Stechen etwas weh tun k\u00f6nnen. Viele Piercing-Studios raten davon ab, sich diese Variante als erstes Piercing auszusuchen, weil der Schmerz beim Stechen doch sehr abschreckend wirken kann.<\/p>\n<p>Wer sich das Piercing stechen lassen hat, gibt an, dass die Schmerzen auszuhalten waren und alles nur halb so schlimm war. Ein guter Piercer wird dieses Piercing exakt stechen k\u00f6nnen. Daher sollte nur ein professionelles Studio daf\u00fcr aufgesucht werden. Denn wenn man sich schon ein solches Piercing aussucht, sollte dieses auch bitte nicht schief gestochen werden! Hilfreich ist, sich im Studio auch Bilder von schon gepiercten Personen vorzeigen zu lassen. So kann man sich einen guten Eindruck des Studios machen!<\/p>\n<p>Bei dem Stechen des Piercings, wird zuerst die Einstichstelle desinfiziert. Dann wird mit der Piercing-Nadel die Knorpelkappe der Nase durchstochen. Das Austin wird sofort gestochen, bei einem anderen Nasenpiercing hingegen wird oft drei Mal angesetzt.<\/p>\n<h2>Gesundheitliches Risiko<\/h2>\n<p>Das Knorpelgewebe, auch an der Nase, ist sehr empfindlich. Hier laufen viele Nerven durch, die nat\u00fcrlich beim Stechen des Piercings nicht besch\u00e4digt werden d\u00fcrfen. Daher muss ein Profi f\u00fcr das Piercing gew\u00e4hlt werden. Wenn ein Gesichtsnerv bei dem Stechen getroffen wird, ist dies ansonsten nat\u00fcrlich sehr schmerzhaft.<\/p>\n<p>Wirkliche gesundheitliche Risiken gibt es bei dem Piercing allerdings nicht. Es sei denn, es liegt eine Allergie gegen Schmuck vor.<\/p>\n<h2>Schmerzen<\/h2>\n<p>Beim Stechen des Piercings, auch wenn alles richtig verl\u00e4uft und kein Nerv getroffen wird, k\u00f6nnen Schmerzen entstehen. Diese sind aber nach dem Piercing recht schnell wieder verschwunden.<\/p>\n<h2>Heilung &#038; Pflege<\/h2>\n<p>Das Austin Bar Piercing braucht f\u00fcr die vollst\u00e4ndige Heilung 2-3 Monate. Da nun einmal Knorpel durchstochen werden, dauert der Heilungsprozess l\u00e4nger, als bei anderen Piercingarten. Nach dem Stechen kann es durchaus zu einer Schwellung der Nasenspitze kommen, die in der Regel schnell wieder abnimmt. Zum Gl\u00fcck entz\u00fcndet sich das Austin Bar recht selten, wenn es jedoch zu Eiter kommt und dies f\u00fcr l\u00e4ngere Zeit, sollte das Piercing Studio aufgesucht werden. Ebenso kann die Tyrosur Salbe genutzt werden, um grunds\u00e4tzlich eine Entz\u00fcndung zu vermeiden oder diese schnell wieder zu lindern. Erh\u00e4ltlich ist diese Salbe in jeder Apotheke. Die meisten Piercer empfehlen den Kunden, sich diese Salbe direkt nach dem Stechen zu kaufen und regelm\u00e4\u00dfig einzusetzen.<\/p>\n<p>Wichtig ist, dass man sich nach dem Stechen nicht an die Nase fasst, ohne vorab die H\u00e4nde zu desinfizieren. F\u00fcr die Pflege w\u00e4re es wichtig, spezielle Piercing Sprays zu nutzen.<\/p>\n<p>Gerade zu Beginn ist es wichtig, dass Piercing perfekt zu pflegen. Umso besser die Pflege erfolgt, umso geringer ist das Risiko, dass sich das Austin Bar entz\u00fcnden kann.<\/p>\n","protected":false},"excerpt":{"rendered":"<p>Die Herkunft von dem Austin Bar Piercing Das Austin Bar Piercing wurde nach seinem ersten Tr\u00e4ger benannt. Es ist ein<\/p>\n","protected":false},"author":4,"featured_media":0,"parent":0,"menu_order":0,"comment_status":"closed","ping_status":"closed","template":"","meta":{"ngg_post_thumbnail":0,"footnotes":""},"class_list":["post-851","page","type-page","status-publish","hentry","comments-off"],"aioseo_notices":[],"_links":{"self":[{"href":"https:\/\/dich-mit-stich.de\/magazin\/wp-json\/wp\/v2\/pages\/851","targetHints":{"allow":["GET"]}}],"collection":[{"href":"https:\/\/dich-mit-stich.de\/magazin\/wp-json\/wp\/v2\/pages"}],"about":[{"href":"https:\/\/dich-mit-stich.de\/magazin\/wp-json\/wp\/v2\/types\/page"}],"author":[{"embeddable":true,"href":"https:\/\/dich-mit-stich.de\/magazin\/wp-json\/wp\/v2\/users\/4"}],"replies":[{"embeddable":true,"href":"https:\/\/dich-mit-stich.de\/magazin\/wp-json\/wp\/v2\/comments?post=851"}],"version-history":[{"count":4,"href":"https:\/\/dich-mit-stich.de\/magazin\/wp-json\/wp\/v2\/pages\/851\/revisions"}],"predecessor-version":[{"id":1055,"href":"https:\/\/dich-mit-stich.de\/magazin\/wp-json\/wp\/v2\/pages\/851\/revisions\/1055"}],"wp:attachment":[{"href":"https:\/\/dich-mit-stich.de\/magazin\/wp-json\/wp\/v2\/media?parent=851"}],"curies":[{"name":"wp","href":"https:\/\/api.w.org\/{rel}","templated":true}]}}