{"id":867,"date":"2020-05-13T17:31:28","date_gmt":"2020-05-13T17:31:28","guid":{"rendered":"https:\/\/dich-mit-stich.de\/magazin\/?page_id=867"},"modified":"2025-09-03T13:16:14","modified_gmt":"2025-09-03T13:16:14","slug":"kinnpiercing","status":"publish","type":"page","link":"https:\/\/dich-mit-stich.de\/magazin\/kinnpiercing\/","title":{"rendered":"Kinnpiercing"},"content":{"rendered":"<p>Das Piercing oder das Durchstechen von K\u00f6rperstellen ist bereits aus dem alten \u00c4gypten bekannt. Gr\u00e4ber der Pharaonen beinhalteten Schmuck f\u00fcr Nase und Ohren. Im fr\u00fchen Amerika der Indigenen und Mayas wurden die Ohren, die Nasenscheidewand sowie die Nasenfl\u00fcgel durchstochen. Die alten V\u00f6lker nutzten diese Piercings im Gesicht f\u00fcr religi\u00f6se Zwecke.<\/p>\n<p>Die Mayas <a href=\"https:\/\/dich-mit-stich.de\/magazin\/penispiercing\/\" title=\"Penispiercing \u2013 der lustvolle Intimschmuck f\u00fcr den Mann\">durchstachen den Penis<\/a> und die Zunge als Selbstopfer f\u00fcr die G\u00f6tter. Solch ein Piercing zeigte den Status, den Besitz, die Zugeh\u00f6rigkeit zu einer Gruppierung oder einen Abschnitt im Leben an.<\/p>\n<h3>\u00dcberblick<\/h3>\n<ul>\n<li><strong>Name:<\/strong> Kinnpiercing<\/li>\n<li><strong>Wo wird es gestochen:<\/strong> am Kinn<\/li>\n<li><strong>Kosten Piercing:<\/strong> 40 &#8211; 80 EUR<\/li>\n<li><strong>Art:<\/strong> Gesichtspiercing<\/li>\n<li><strong>Heilungsdauer:<\/strong> 8-12 Wochen<\/li>\n<li><strong>Schmerzen beim Stechen:<\/strong> schwer <\/li>\n<\/ul>\n<h2>Herkunft des Piercings<\/h2>\n<p>Im Vergleich zu Piercings, wie dem Labretpiercing oder dem Zungenpiercing, ist das Kinnpiercing (Mandibel-Piercing) ein au\u00dfergew\u00f6hnliches Piercing im Bereich des Mundes. Dieses Piercing hat keinen geschichtlichen Bezug und einige Piercer lehnen es ab, diese Art von Piercing durchzuf\u00fchren.<\/p>\n<p>Das erste aufgezeichnete Kinnpiercing wurde in dem amerikanischen E-Zine Body Modification erw\u00e4hnt. Es wurde von Mick Noland, einem amerikanischen Piercer gestochen. Das Piercing tr\u00e4gt neben der Bezeichnung Mandibel-Piercing, auch den Namen Sprung-Piercing, was wahrscheinlich auf den ersten Tr\u00e4ger eines solchen Piercings zur\u00fcckzuf\u00fchren ist.<\/p>\n<h2>Das Stechen des Piercings<\/h2>\n<p>Das Kinnpiercing bezeichnet ein recht au\u00dfergew\u00f6hnliches <a href=\"https:\/\/dich-mit-stich.de\/magazin\/surface-piercing\/\" title=\"Surface Piercing\">Surface-Piercing<\/a>. Der Stichkanal verl\u00e4uft meist vertikal am Kinn, gelegentlich wird es auch horizontal gestochen. Das Kinnpiercing verl\u00e4uft nicht durch die Mundh\u00f6hle, wie beispielsweise das Labret-Piercing, welches von Leuten, die sich mit der Thematik Piercing wenig auskennen, f\u00e4lschlicherweise als Kinnpiercing bezeichnet wird.<\/p>\n<p>Der Stichkanal des Kinn-Piercings verl\u00e4uft senkrecht durch die Kinnspitze.<\/p>\n<p>Der Piercingschmuck ist beim Kinnpiercing meist ein Barbell. W\u00e4hrend der Heilungsphase ist besonders ein Schmuckstab aus dem flexiblen Werkstoff Polytetrafluorethylen geeignet. Nach dem Stechen tritt meist eine Schwellung auf, daher wird in der Regel ein \u00fcberlanger Barbell eingesetzt. Nach der Heilung kann er gegen ein k\u00fcrzeres Schmuckst\u00fcck getauscht werden.<\/p>\n<h2>Gesundheitliche Risiken<\/h2>\n<p>Beim Kinnpiercing muss darauf geachtet werden, ob sich am Kinn genug Hautgewebe befindet. Andernfalls besteht das Risiko eines Herauswachsen des Schmuckst\u00fcckes.<\/p>\n<p>Es besteht die Gefahr, dass beim Kinnpiercing Nerven gesch\u00e4digt werden und es zu einer dauerhaften Taubheit an der betroffenen Stelle kommt. Weiterhin k\u00f6nnen Allergien gegen nickelhaltigen Schmuck auftreten. Daher sollte immer ein Piercingschmuck aus Chirurgenstahl oder einer hochwertigen Goldlegierung gew\u00e4hlt werden.<\/p>\n<p>Ein Gesundheitsrisiko kann auch auf unsaubere Arbeit des Piercers zur\u00fcckzuf\u00fchren sein, wodurch Entz\u00fcndungen auftreten k\u00f6nnen.<\/p>\n<p>Das Piercingstudio sollte nicht \u00fcberst\u00fcrzt und un\u00fcberlegt gew\u00e4hlt werden. Eine Checkliste mit folgenden Punkten kann hilfreich sein:<\/p>\n<ul>\n<li>Sauberkeit des Piercingstudios und der Instrumente<\/li>\n<li>Beratung bei der Auswahl des Schmuckes<\/li>\n<li>Aufkl\u00e4rung zu Gesundheitsrisiken sowie Sp\u00e4tfolgen<\/li>\n<li>Aufnahme von Allergien und Erkrankungen<\/li>\n<li>ausf\u00fchrliche Einverst\u00e4ndniserkl\u00e4rung vor der Durchf\u00fchrung des Piercings<\/li>\n<li>steril verpackte Materialien<\/li>\n<li>Wechsel der Einweghandschuhe nach jedem Kunden<\/li>\n<\/ul>\n<h2>Heilung des Kinn-Piercings<\/h2>\n<p>Das Kinnpiercing befindet sich an der Kinnspitze und die Zeit der Abheilung kann nicht genau definiert werden. Eine sorgf\u00e4ltige Pflege unterst\u00fctzt die Abheilung, denn die Abheilung der Piercingwunde kann beim Kinnpiercing etwas langwierig werden, da diese Region beim Kauen, Sprechen sowie Atmen durch den Mund viel in Bewegung ist. Das St\u00e4bchen des Piercings behindert die Wundheilung, sodass die Wunde h\u00e4ufig erst nach 8 bis 12 Wochen so weit verheilt ist, das man das provisorische Piercing gegen ein anderes tauschen kann. Bei der Pflege helfen Kochsalzl\u00f6sung, Kamillentinktur oder Kamillentee.<\/p>\n<h2>Schmerzen<\/h2>\n<p>Ein Piercing ist eine Verletzung am K\u00f6rper, da ein Loch in den K\u00f6rper gestochen wird. Der K\u00f6rper registriert das als Wunde, die er versucht zu heilen. Das Kinnpiercing kann durchaus Schmerzen bereiten, sowohl beim Stechen als auch bei der Wundheilung. Es ist gut, wenn die Wunde viel Ruhe und Zeit zur Heilung bekommt. Es sollte ebenfalls darauf geachtet werden, m\u00f6glichst nicht an dem Piercing h\u00e4ngenzubleiben, zum Beispiel beim An- und Ausziehen eines Pullovers. Sollten die Schmerzen unertr\u00e4glich sein oder \u00fcber einen l\u00e4ngeren Zeitraum auftreten, ist es ratsam, auf das Piercing zu verzichten und es entfernen zu lassen.<\/p>\n","protected":false},"excerpt":{"rendered":"<p>Das Piercing oder das Durchstechen von K\u00f6rperstellen ist bereits aus dem alten \u00c4gypten bekannt. Gr\u00e4ber der Pharaonen beinhalteten Schmuck f\u00fcr<\/p>\n","protected":false},"author":4,"featured_media":0,"parent":0,"menu_order":0,"comment_status":"closed","ping_status":"closed","template":"","meta":{"ngg_post_thumbnail":0,"footnotes":""},"class_list":["post-867","page","type-page","status-publish","hentry","comments-off"],"aioseo_notices":[],"_links":{"self":[{"href":"https:\/\/dich-mit-stich.de\/magazin\/wp-json\/wp\/v2\/pages\/867","targetHints":{"allow":["GET"]}}],"collection":[{"href":"https:\/\/dich-mit-stich.de\/magazin\/wp-json\/wp\/v2\/pages"}],"about":[{"href":"https:\/\/dich-mit-stich.de\/magazin\/wp-json\/wp\/v2\/types\/page"}],"author":[{"embeddable":true,"href":"https:\/\/dich-mit-stich.de\/magazin\/wp-json\/wp\/v2\/users\/4"}],"replies":[{"embeddable":true,"href":"https:\/\/dich-mit-stich.de\/magazin\/wp-json\/wp\/v2\/comments?post=867"}],"version-history":[{"count":5,"href":"https:\/\/dich-mit-stich.de\/magazin\/wp-json\/wp\/v2\/pages\/867\/revisions"}],"predecessor-version":[{"id":1065,"href":"https:\/\/dich-mit-stich.de\/magazin\/wp-json\/wp\/v2\/pages\/867\/revisions\/1065"}],"wp:attachment":[{"href":"https:\/\/dich-mit-stich.de\/magazin\/wp-json\/wp\/v2\/media?parent=867"}],"curies":[{"name":"wp","href":"https:\/\/api.w.org\/{rel}","templated":true}]}}