{"id":950,"date":"2020-06-13T19:14:49","date_gmt":"2020-06-13T19:14:49","guid":{"rendered":"https:\/\/dich-mit-stich.de\/magazin\/?page_id=950"},"modified":"2025-09-03T13:18:58","modified_gmt":"2025-09-03T13:18:58","slug":"snakebite-piercing","status":"publish","type":"page","link":"https:\/\/dich-mit-stich.de\/magazin\/snakebite-piercing\/","title":{"rendered":"Snakebite Piercing"},"content":{"rendered":"<p>Bei einem Snakebite Piercing (zu Deutsch: Schlangenbiss Piercing) handelt es sich um ein <a href=\"https:\/\/dich-mit-stich.de\/magazin\/lippenpiercing\/\" title=\"Lippenpiercing\">Lippenpiercing<\/a>. Dabei werden direkt unter der Unterlippe zwei symmetrisch angeordnete Piercings gestochen. Die Anordnung der Schmuckst\u00fccker erinnert an zwei rausstehende Fangz\u00e4hne einer Schlange \u2013 daher der Name \u201eSnakebite\u201c.<\/p>\n<p>Seinen Ursprung hat das Snakebite Piercing in den westlichen L\u00e4ndern und erfreut sich einer gro\u00dfen Beliebtheit. Wen wundert\u2019s \u2013 Snakebite Piercings (oder einfach \u201esnakebites) sind ein Hingucker! Entwickelt haben sich snakebites aus den urspr\u00fcnglichen Lippenpiercings, bei denen an einer Lippenseite ein Piercing gestochen wird und bei denen meist ein Ring getragen wird.<\/p>\n<h3>\u00dcberblick<\/h3>\n<ul>\n<li><strong>Name:<\/strong> Snakebite Piercing<\/li>\n<li><strong>Wo wird es gestochen:<\/strong> unter der Unterlippe rechts und links<\/li>\n<li><strong>Kosten Piercing:<\/strong> 70 &#8211; 100 EUR<\/li>\n<li><strong>Art:<\/strong> Mundpiercing<\/li>\n<li><strong>Heilungsdauer:<\/strong> 6-8 Wochen<\/li>\n<li><strong>Schmerzen beim Stechen:<\/strong> schwer <\/li>\n<\/ul>\n<h2>Warum ein Snakebite Piercing?<\/h2>\n<p>Snakebite Piercings sind seit l\u00e4ngerem sehr beliebt. Obwohl man Snakebite Piercings relativ h\u00e4ufig sieht, sind sie noch immer extravagant und einfach sch\u00f6n anzusehen. Es gibt zahlreiche Schmuckvarianten, die mit einem snakebite getragen werden k\u00f6nnen \u2013 ein snakebite Piercings ist daher sehr variabel.<\/p>\n<h2>So wird ein Snakebite Piercing gestochen<\/h2>\n<p>Bei einem Snakebite kommt es darauf an, dass es ganz sauber und symmetrisch gestochen wird. Nur erfahrene Piercer mit pr\u00e4ziser Arbeitsweise und einem guten Auge sollten snakebites stechen. Der Piercer wird vorm Stechen anzeichnen, an welcher Stelle er ansetzen muss. Exakt in der Mitte der Unterlippe wird der Piercer einen Punkt markieren und dann von hier aus ein Linie ziehen. So ermittelt er den genauen Abstand zwischen den Einstichen. Erfahrene Piercer k\u00f6nnen eventuelle Unregelm\u00e4\u00dfigkeiten des untern Lippenbogens durch minimale Verschiebungen optisch ausgleichen, so dass insgesamt ein symmetrisches Ergebnis entsteht. Nur durch Symmetrie sieht das Piercing wirklich aus wie ein Schlangenbiss!<\/p>\n<p>Sind die genauen Punkte ermittelt und mit einem speziellen Marker gekennzeichnet, nutzt der Piercer die Zange. Anschlie\u00dfend setzt er Kunststoffstecker oder Stecker aus Titan ein.<\/p>\n<h2>Gesundheitliches Risiko<\/h2>\n<p>Es ist sehr wichtig, Piercings nur von Profis stechen zu lassen. Nur professionelle Piercer wissen, wie die exakten Einstichstellen ermittelt werden. Steriles und sehr sauberes Arbeiten ist f\u00fcr jeden Profi selbstverst\u00e4ndlich. Vor dem Piercen wird der Bereich gr\u00fcndlich gereinigt und sterilisiert. Gleiches gilt f\u00fcr die Piercingwerkzeuge: Es werden nur sterile und sauber Nadeln verwendet. In die frisch durchstochene Lippe steckt der Piercer einen Kunststoff- oder Titanstecker. Auf beiden Materialien bleiben keine Keime oder Bakterien haften, sodass einer Entz\u00fcndung vorgebeugt wird. Kunststoff und Titan ist au\u00dferdem zahnfreundlich.<\/p>\n<p>Sich ein Piercing stechen zu lassen, birgt immer ein \u2013 wenn auch ein sehr kleines \u2013 gesundheitliches Risiko. Einstichstellen k\u00f6nnen entz\u00fcnden, was unangenehm und schmerzhaft ist. Gerade die Bereiche an Ober- und Unterlippe entz\u00fcnden relativ schnell, da mitunter Speisereste in nicht abgeheilte Bereiche eindringen und bakterielle Infektionen hervorrufen k\u00f6nnen.<\/p>\n<p>Sehr selten treten durch ein Piercing hervorgerufene Blutvergiftungen auf. Sollte das der Fall sein, ist umgehend ein Arzt aufzusuchen.<\/p>\n<h2>Schmerzen<\/h2>\n<p>Das Stechen eines Piercings ruft Schmerzen hervor, das ist nicht zu leugnen. Ein Snakebite wird etwa in der Mitte des \u201ePiercing Pain score\u201c einsortiert und geh\u00f6rt damit eher zu den schmerzhaften Piercings. Das liegt nat\u00fcrlich auch daran, dass zwei Piercings innerhalb einer kurzen Zeit gestochen werden.<\/p>\n<p>Bei einem snakebite schwellen die Mundwinkel mitunter an. Das kann beim Essen zu Schmerzen f\u00fchren und recht unangenehm sein.<\/p>\n<h2>Heilung &#038; Pflege<\/h2>\n<p>Snakebite Piercings ben\u00f6tigen zur vollst\u00e4ndigen Heilung rund sechs bis acht Wochen. Wichtig ist, die ersten 24 Stunden nach dem Stechen auf den Genuss von Alkohol und Zigaretten zu verzichten. So wird das Infektionsrisiko noch einmal gesenkt. Wer es schafft, auf Alkohol und Zigaretten dauerhaft zu verzichten, beschleunigt den Heilungsprozess.<\/p>\n<p>Snakebite Piercings ben\u00f6tigen in der Anfangsphase besondere Pflege. Da sie im Bereich des Mundes gestochen werden, ist unbedingt darauf zu achten, dass keine Speisereste in die Wunde gelangen. Sollte das trotz aller Vorsicht passieren, m\u00fcssen die Reste umgehend mit einem weichen Lappen entfernt werden. Dabei immer von au\u00dfen nach innen wischen!<\/p>\n<p>Dar\u00fcber hinaus muss die Einstichstelle w\u00e4hrend des Heilungsprozesses regelm\u00e4\u00dfig desinfiziert werden. Zahlreiche Pflegeprodukte stehen daf\u00fcr zur Verf\u00fcgung, Piercer geben gerne einen Rat, welches Produkt am besten geeignet ist.<\/p>\n<p>Sollten sich trotz guter Pflege Entz\u00fcndungsanzeichen zeigen, sollte umgehend der Piercer aufgesucht werden. Er kann sicher helfen.<\/p>\n<p>Sind die gepiercten Stellen vollkommen verheilt, l\u00e4sst sich jeder Schmuck einsetzen.<\/p>\n","protected":false},"excerpt":{"rendered":"<p>Bei einem Snakebite Piercing (zu Deutsch: Schlangenbiss Piercing) handelt es sich um ein Lippenpiercing. Dabei werden direkt unter der Unterlippe<\/p>\n","protected":false},"author":4,"featured_media":951,"parent":0,"menu_order":0,"comment_status":"closed","ping_status":"closed","template":"","meta":{"ngg_post_thumbnail":0,"footnotes":""},"class_list":["post-950","page","type-page","status-publish","has-post-thumbnail","hentry","comments-off"],"aioseo_notices":[],"_links":{"self":[{"href":"https:\/\/dich-mit-stich.de\/magazin\/wp-json\/wp\/v2\/pages\/950","targetHints":{"allow":["GET"]}}],"collection":[{"href":"https:\/\/dich-mit-stich.de\/magazin\/wp-json\/wp\/v2\/pages"}],"about":[{"href":"https:\/\/dich-mit-stich.de\/magazin\/wp-json\/wp\/v2\/types\/page"}],"author":[{"embeddable":true,"href":"https:\/\/dich-mit-stich.de\/magazin\/wp-json\/wp\/v2\/users\/4"}],"replies":[{"embeddable":true,"href":"https:\/\/dich-mit-stich.de\/magazin\/wp-json\/wp\/v2\/comments?post=950"}],"version-history":[{"count":1,"href":"https:\/\/dich-mit-stich.de\/magazin\/wp-json\/wp\/v2\/pages\/950\/revisions"}],"predecessor-version":[{"id":952,"href":"https:\/\/dich-mit-stich.de\/magazin\/wp-json\/wp\/v2\/pages\/950\/revisions\/952"}],"wp:featuredmedia":[{"embeddable":true,"href":"https:\/\/dich-mit-stich.de\/magazin\/wp-json\/wp\/v2\/media\/951"}],"wp:attachment":[{"href":"https:\/\/dich-mit-stich.de\/magazin\/wp-json\/wp\/v2\/media?parent=950"}],"curies":[{"name":"wp","href":"https:\/\/api.w.org\/{rel}","templated":true}]}}